factor of 1896 and 192?
24
What is the highest common divisor of 194345 and 1410?
235
What is the highest common factor of 18 and 6633126?
18
Calculate the highest common divisor of 256 and 24352.
32
What is the greatest common divisor of 7136 and 784?
16
What is the highest common divisor of 533 and 39319?
41
Calculate the highest common divisor of 247 and 1989.
13
What is the greatest common factor of 63855 and 305343?
1161
Calculate the highest common divisor of 64 and 153152.
64
What is the greatest common factor of 949710 and 150?
30
Calculate the greatest common factor of 115910 and 4690.
670
What is the greatest common divisor of 3084384 and 456?
456
Calculate the greatest common factor of 98186 and 44.
22
What is the highest common divisor of 19955 and 1599?
13
Calculate the greatest common factor of 27 and 3711.
3
Calculate the greatest common divisor of 419210 and 220.
110
Calculate the highest common divisor of 14 and 5803.
7
What is the highest common divisor of 822 and 253587?
411
Calculate the highest common divisor of 1650 and 659670.
330
What is the highest common factor of 130 and 8571680?
130
What is the greatest common factor of 3406 and 1898?
26
Calculate the greatest common factor of 8729 and 40592.
43
What is the greatest common factor of 140 and 306060?
20
Calculate the highest common factor of 674074 and 606.
202
What is the highest common factor of 17720 and 1000?
40
Calculate the greatest common divisor of 220 and 6215.
55
What is the greatest common divisor of 627 and 18196167?
627
Calculate the highest common factor of 898852 and 380.
76
Calculate the highest common divisor of 49 and 63028.
7
What is the greatest common divisor of 53820 and 144?
36
What is the highest common divisor of 184448 and 22?
22
Calculate the highest common divisor of 437 and 1541.
23
Calculate the highest common factor of 486935 and 5.
5
What is the highest common factor of 419 and 8?
1
Calculate the highest common factor of 80900 and 100.
100
Calculate the highest common factor of 209711 and 172.
43
Calculate the highest common factor of 288 and 27696.
48
Calculate the greatest common factor of 80 and 78792.
8
What is the highest common factor of 58 and 106836?
58
Calculate the highest common divisor of 696 and 23258.
58
Calculate the greatest common divisor of 136 and 1851028.
68
Calculate the greatest common divisor of 688 and 680.
8
What is the greatest common divisor of 57 and 128041?
19
What is the highest common divisor of 20544 and 864?
96
Calculate the greatest common divisor of 33696 and 195.
39
Calculate the highest common divisor of 1872 and 1635504.
624
What is the highest common divisor of 276 and 28313?
23
Calculate the highest common factor of 56853 and 9.
9
What is the highest common divisor of 7042 and 602?
14
Calculate the greatest common factor of 108675 and 1215.
135
Calculate the highest common divisor of 421659 and 2268.
189
Calculate the highest common factor of 134398 and 1353.
451
What is the greatest common factor of 1785 and 2856?
357
What is the greatest common factor of 1882716 and 99?
33
What is the highest common factor of 1023 and 14333?
11
Calculate the greatest common divisor of 145796 and 784.
28
Calculate the highest common factor of 98 and 4018.
98
What is the greatest common divisor of 620430 and 50?
10
Calculate the highest common factor of 287 and 14965.
41
What is the highest common factor of 278 and 1020121?
139
What is the highest common factor of 2880 and 18640?
80
What is the greatest common divisor of 251464 and 24?
8
Calculate the greatest common divisor of 103832 and 16.
8
Calculate the greatest common factor of 13452 and 33276.
708
Calculate the highest common factor of 4224 and 4444.
44
What is the highest common factor of 5093 and 93?
1
Calculate the greatest common factor of 530910 and 34.
34
What is the highest common factor of 3760003 and 669?
223
Calculate the highest common divisor of 174307 and 777.
259
Calculate the highest common factor of 186593 and 11.
11
What is the highest common factor of 238 and 1207?
17
What is the highest common factor of 3 and 138639?
3
What is the greatest common divisor of 86 and 117734?
86
Calculate the highest common divisor of 156 and 264654.
78
What is the highest common divisor of 18 and 65547?
9
Calculate the highest common divisor of 70 and 19990.
10
What is the greatest common divisor of 1432 and 496188?
716
Calculate the highest common factor of 3164 and 364.
28
What is the highest common divisor of 236 and 68204?
236
Calculate the greatest common factor of 10 and 119585.
5
Calculate the highest common divisor of 441 and 86282.
7
What is the highest common factor of 180 and 288?
36
What is the highest common factor of 55 and 251100?
5
What is the highest common divisor of 127616 and 997?
997
What is the highest common divisor of 194487 and 5784?
723
What is the greatest common factor of 61200 and 32800?
400
What is the greatest common divisor of 5533867 and 29?
29
Calculate the highest common divisor of 18 and 86706.
18
What is the greatest common divisor of 2592 and 5607792?
1296
Calculate the highest common divisor of 119 and 39011.
7
What is the greatest common divisor of 10808 and 448?
56
Calculate the highest common divisor of 1352 and 248976.
104
What is the greatest common divisor of 554 and 34625?
277
Calculate the highest common divisor of 117 and 23504.
13
Calculate the highest common divisor of 139338 and 54.
18
What is the highest common factor of 420 and 326172?
84
Calculate the highest common factor of 7888 and 17408.
272
Calculate the highest common divisor of 216 and 31401.
27
Calculate the greatest common divisor of 44 and 116864.
44
Calculate the greatest common divisor of 24192 and 69216.
672
Calculate the highest common divisor of 178 and 10094914.
178
Calculate the highest common factor of 768 and 77376.
192
Calculate the highest common factor of 11063 and 444.
37
Calculate the greatest common divisor of 42541 and 76.
19
Calculate the greatest common divisor of 1159 and 2623.
61
Calculate the highest common factor of 36680 and 5080.
40
What is the highest common divisor of 26124 and 98?
14
Calculate the highest common factor of 72644 and 1859.
143
Calculate the greatest common factor of 767 and 439609.
59
What is the highest common factor of 8569 and 836?
209
What is the highest common divisor of 144 and 370764?
36
What is the highest common factor of 4926 and 18?
6
What is the highest common factor of 542598 and 154?
14
Calculate the greatest common factor of 7935 and 45.
15
Calculate the greatest common divisor of 4541 and 6453.
239
Calculate the highest common divisor of 948717 and 1998.
333
Calculate the highest common factor of 40 and 1691780.
20
Calculate the greatest common divisor of 8193 and 12.
3
What is the greatest common factor of 2314 and 5512?
26
Calculate the greatest common divisor of 476 and 26537.
119
What is the greatest common factor of 72 and 3048?
24
Calculate the greatest common factor of 40640 and 3120.
80
Calculate the greatest common factor of 28785 and 2121.
303
What is the highest common divisor of 4334552 and 848?
424
What is the highest common factor of 18407 and 64308?
233
What is the greatest common divisor of 316281 and 168?
21
What is the highest common factor of 432 and 29352?
24
Calculate the greatest common factor of 376496 and 16.
16
Calculate the greatest common divisor of 3264 and 1065424.
272
Calculate the greatest common factor of 2128 and 1246.
14
Calculate the greatest common divisor of 94 and 218315.
47
What is the highest common divisor of 32768 and 352?
32
What is the greatest common factor of 594482 and 28?
14
What is the greatest common divisor of 20433 and 42?
21
What is the greatest common factor of 174284 and 340?
68
Calculate the greatest common divisor of 14498141 and 1799.
1799
Calculate the greatest common factor of 8043 and 7308.
21
Calculate the highest common divisor of 1469979 and 273.
21
What is the highest common divisor of 94 and 15332?
2
Calculate the greatest common factor of 65 and 5721885.
65
Calculate the highest common factor of 342 and 3743.
19
What is the highest common divisor of 19827 and 72?
9
Calculate the highest common factor of 920 and 403190